et f(u) = -2*u**2 - 29*u + 14. List the prime factors of f(-14).
2, 7
Let h = 35 + -10. Suppose -5*n + 3*m = -2*m - h, -3*n - m + 27 = 0. Suppose -12 = -c + n. List the prime factors of c.
2, 5
Let y(v) = -v + 3. Suppose -5*k - 5 = 35. List the prime factors of y(k).
11
Let q(j) = 2*j. Let o be q(1). Let s(w) = 2*w**2 + w**o + 5*w + 4 - 2*w**2. List the prime factors of s(-6).
2, 5
Let a be (3 + -1)*(2 - 3). What are the prime factors of 12/(-7)*(a + -5)?
2, 3
Let l(w) = -3*w + 6*w**2 + 2*w**3 + w**3 - 4*w**3 - 1. Let s be l(6). Let c = -11 - s. List the prime factors of c.
2
Let y(c) = -c**3 - 10*c**2 - 13*c + 12. List the prime factors of y(-9).
2, 3
Suppose -2*i = 2*i - 40. Suppose 4 = k - 12. Let w = k - i. List the prime factors of w.
2, 3
Suppose -432 = -4*z + 4*x, -4*x - 230 = -3*z + 99. List the prime factors of z.
103
Let m(s) = s + 9. Let b be (-16)/(-72) - (-79)/9. List the prime factors of m(b).
2, 3
Suppose 0 = 3*d - 2*s + 62, 4*s = -0*s + 4. Let r = -5 - d. What are the prime factors of (-27)/r*(-5)/1?
3
Let n(r) = r - 10. Let a be n(-8). List the prime factors of (-80)/6*a/15.
2
Let d = 1 + 1. Let v(o) = 0*o**2 + 1 + o**3 + o + 0*o**2 + o**2. List the prime factors of v(d).
3, 5
Suppose 2*m - 169 = 3*u, -u = -0*u + 1. What are the prime factors of m?
83
Suppose 145 = 2*m + 107. List the prime factors of m.
19
Let s(p) = p**3 - 6*p**2 - 3*p - 8. List the prime factors of s(7).
2, 5
Suppose b - 53 = 55. What are the prime factors of (3/6)/(3/b)?
2, 3
Let i(f) = -f + 2. Let a be i(0). Suppose x - 39 = -a*x. List the prime factors of x.
13
Let d(b) = -3*b**2 - 65. Let x(i) = -i**2 - 32. Let f(y) = -2*d(y) + 5*x(y). Let l be f(0). List the prime factors of ((-2)/3)/(5/l).
2
Let r(x) = -x**3 + 6*x**2 + 7*x + 2. Let k be r(7). Let l be (-8)/28 - k/(-7). Suppose -5*y + 5*p + 40 = l, 46 = 4*y + 3*p - 21. List the prime factors of y.
13
Suppose 5*p + 0*p - 50 = 0. What are the prime factors of p?
2, 5
Let q(g) = 6*g. Let a be 2/(-7) + 32/14. Suppose 2*c = a + 2. What are the prime factors of q(c)?
2, 3
Suppose 0 = -40*c + 35*c + 150. What are the prime factors of c?
2, 3, 5
Let r(h) = 6*h + 1. Let p be r(3). Let y = 34 - p. Suppose -3*o + y - 3 = 0. What are the prime factors of o?
2
Let u = 161 + -64. What are the prime factors of u?
97
Let a(h) = 12*h**2 - 10*h + 3. What are the prime factors of a(3)?
3
Suppose 0 = 2*c - 15*c + 195. List the prime factors of c.
3, 5
Suppose 0 = -3*d + 2*d + 5*y - 15, 29 = 5*d + y. Suppose -2*v - 3*v = d, 3*v + 238 = 5*z. What are the prime factors of z?
47
Let o(i) = -12*i + 2. List the prime factors of o(-1).
2, 7
Let p = 6 + -4. Suppose 3*v + 45 = 6*v. Suppose -v = p*u - 5*u. What are the prime factors of u?
5
Let k = 7 + -7. Let b = k + 4. List the prime factors of b.
2
Suppose n = -2*n + 81. What are the prime factors of n?
3
Let m = -20 + 54. Suppose -2*d + 4*h + 36 = 0, 2*d - 3*h - 2*h - m = 0. What are the prime factors of (-2)/(-4)*d*1?
11
Suppose -2*n + 29 = -65. List the prime factors of n.
47
Let j(c) = c**2 - 19*c - 13. What are the prime factors of j(-6)?
137
Let i(m) = -m**3 + 8*m**2 - 3*m + 9. What are the prime factors of i(7)?
37
Let g(q) = 4*q**2 + 6*q - 1. List the prime factors of g(4).
3, 29
Let d(b) be the first derivative of -b**5/120 - b**4/4 - b**3 - 2. Let r(f) be the third derivative of d(f). List the prime factors of r(-8).
2
Let r(o) = o - 2. Let s(d) = 1. Let p(c) = -4*r(c) - 7*s(c). Let k be p(-1). Let g = -1 + k. What are the prime factors of g?
2
Suppose -5*w = -2*m + 150, m - w + 3*w = 57. What are the prime factors of m?
5, 13
Let z(v) = 16*v**2 - v + 1. Suppose 5*c = -5*p, -2*c = -4*p - c + 5. List the prime factors of z(p).
2
Let k = 125 + 137. What are the prime factors of k?
2, 131
What are the prime factors of 191/5 - (-19)/(-95)?
2, 19
Let t(w) = w**2 + 9*w - 4. Let l(x) = 4*x - 2. Let z be l(-2). Let b be t(z). Suppose 3*n + b - 24 = 0. List the prime factors of n.
2, 3
Suppose -4*q - 22 = 5*a, 4*q = 4*a - 3*a - 34. Let c = -2 - q. List the prime factors of c.
2, 3
Suppose 2*a + 2*c = -2*c - 8, 0 = -a - 4*c. List the prime factors of (-2)/a - 7/(-4).
2
Let f = 3 + -9. Let p(o) = -o**3 + 2*o - 2. Let x be p(f). What are the prime factors of (-8)/36 - x/(-18)?
11
Let a(r) = -5*r**2 - 7*r + 7. Let c(y) = 3*y**2 + 4*y - 4. Let s(f) = 4*a(f) + 7*c(f). Let h be s(1). List the prime factors of (2/3*15)/h.
2, 5
Suppose -11*l = -18*l + 1918. What are the prime factors of l?
2, 137
Let m be (-4)/18 + 370/45. Let c be (-1 - -2)*(m - -4). List the prime factors of (-3)/2*(-40)/c.
5
Suppose 17 + 43 = 2*m. Suppose 4*j - m = 10. Suppose -d + j = -0*d. List the prime factors of d.
2, 5
Let n = 1 - 3. Let y be 2*4*n/4. What are the prime factors of 13 + y - (-2)/1?
11
Let k be (9/2)/((-6)/56). List the prime factors of k/9*3/(-2).
7
Let b = 52 - 2. List the prime factors of b.
2, 5
Let x(d) = -d**2 - 6*d - 4. Let o be x(8). List the prime factors of 1/(-3) - o/6.
19
Let w be (-1)/(1/22*2). Let f = w - -5. What are the prime factors of 10*-1*f/5?
2, 3
Suppose y - 4*y = -6. Suppose 2*q + y*q = 100. List the prime factors of q.
5
Let v(j) = -3*j**2 + 1. Let s be v(-1). Let g be 2/(-5)*(s - 3). Suppose -8 = f + 5*w, -5*f + w + 36 = -g. List the prime factors of f.
7
Suppose 2*n + 4*x = 0, -3*n + 4*x = -6*n. Suppose 3*s + n*p = -5*p + 39, 65 = 5*s + 5*p. What are the prime factors of s?
13
Suppose 5*y - 13 = 12. Suppose 4*v = v + 2*s + 29, y*s + 5 = 0. What are the prime factors of v?
3
Let w = -15 - -31. Let f = -10 + w. List the prime factors of f.
2, 3
Let x(c) = 3*c**2 - 27*c + 22. Let d(w) = -w**2 + 9*w - 7. Let r(t) = -11*d(t) - 4*x(t). Let a be r(8). What are the prime factors of (16/a)/(6/(-9))?
2
Let z(u) = u**3 + 3*u**2 + 7*u + 2*u + 2 - 4*u - 3*u. Let p be z(-2). Suppose -3*m = p*m - 15. List the prime factors of m.
3
Suppose 0 = 2*p - 5*p. Suppose p = -5*r + 2*r + 12. What are the prime factors of r?
2
Let d(f) = -35*f + 27. What are the prime factors of d(-7)?
2, 17
Suppose 4*f + 1 = 5. Suppose 2*n + f = 3*z - 14, -5*z + 27 = -4*n. Let w = 2 - n. List the prime factors of w.
5
Let h(x) = -11*x - 23. Let w be h(-7). Suppose -2*m + w = m. List the prime factors of m.
2, 3
Let l = -3 + 12. List the prime factors of l.
3
Let b = 6 + -2. Suppose -2*a - 2*a - 6 = -3*c, 10 = 5*c + b*a. Suppose 0 = -c*d - d + 12. What are the prime factors of d?
2
Let t = 3 - 1. Suppose 2*n = -5*l + 4*n + 21, 3*l + 3*n = 0. Suppose l*p - 4*s = 64, s - 20 = -t*p - 2*s. What are the prime factors of p?
2
Let t = 486 + -227. List the prime factors of t.
7, 37
Let x = 233 - 132. List the prime factors of x.
101
What are the prime factors of (-2)/13 + (-10932)/(-78)?
2, 5, 7
Suppose t + 1 = 2, 5*t = -2*y + 173. List the prime factors of y.
2, 3, 7
Let v = -3 - -5. Let x = v + 3. What are the prime factors of x?
5
Suppose 4*p = 5*y - 29, p + 1 = y - 5. Let f(d) = 16*d - 2. Let o be f(5). Suppose 0 = y*l - o - 2. List the prime factors of l.
2
Suppose -t + 4*t + 24 = 0. What are the prime factors of t/(-4) - -17 - 0?
19
Let z(t) = -t**2 - t + 1. Let u be z(-1). List the prime factors of -14*((-2)/(-4) - u).
7
Let s(t) = 5*t - 1. Let y be s(1). Suppose -3*m + d + 28 = 0, 0*d + 2*d = -2. List the prime factors of (18/y)/(m/12).
2, 3
Suppose -5*g + g = -256. Suppose -5*z + 4*v + g = 0, -2*z + 3*v = -28 + 8. List the prime factors of z.
2
Let x(z) be the second derivative of z**4/6 + 5*z**3/6 + z**2/2 + 4*z. What are the prime factors of x(-4)?
13
Suppose 4*f = 101 - 1. List the prime factors of f.
5
Let h(j) = 6*j + 11. Let v be h(10). Let l = -25 + v. What are the prime factors of l?
2, 23
Suppose 3 = 4*v - l, -5*l + 32 - 3 = 2*v. Let z be v - (0 + 1) - -9. List the prime factors of 3/((-6)/(-2))*z.
2, 5
Let l = -211 + 310. List the prime factors of l.
3, 11
Suppose -2 + 110 = 2*j. List the prime factors of j.
2, 3
Suppose 1 = -4*z - 5*p - 1, -p + 6 = 4*z. Suppose z*c + 250 = 5*y - 2*c, -3*y = 4*c - 118. Suppose -2*s = -y + 14. List the prime factors of s.
2
Let d(c) = c**3 - 4*c**2 + 3*c - 4. Let b be d(4). Suppose -3*i + b*i = 20. What are the prime factors of i?
2
Suppose 2*l = -0*l + 8. Let u = 34 + 6. Suppose l*y = -0*y + u. List the prime factors of y.
2, 5
Suppose 5*p - 14 = 1. Suppose 0 = p*